42 a multiple of 21?
True
Is 23741396 a multiple of 1106?
True
Does 150 divide 243554850?
True
Is 6968854 a multiple of 73?
False
Is 149538846 a multiple of 1077?
False
Is 2 a factor of 19255353?
False
Is 293 a factor of 67275144?
True
Is 13 a factor of 82114496?
False
Is 61574072 a multiple of 938?
True
Is 29 a factor of 48405263?
True
Does 340 divide 996881020?
True
Is 37278305 a multiple of 2397?
False
Is 746 a factor of 6607765?
False
Is 12434690 a multiple of 143?
False
Is 15496110 a multiple of 18?
True
Is 33142749 a multiple of 14?
False
Is 171691230 a multiple of 1990?
True
Does 4 divide 279811578?
False
Does 73 divide 205476598?
False
Is 1181 a factor of 17359519?
True
Does 4526 divide 412333057?
False
Is 1079 a factor of 107698227?
True
Does 132 divide 178692338?
False
Does 11 divide 1175641?
False
Is 199 a factor of 1551610739?
False
Does 19 divide 1055117140?
False
Is 41096630 a multiple of 61?
False
Does 1937 divide 267398976?
True
Does 333 divide 238247290?
False
Is 56270407 a multiple of 257?
True
Is 63581840 a multiple of 80?
True
Is 296 a factor of 49665632?
False
Is 4446 a factor of 1305336708?
True
Is 56733160 a multiple of 88?
True
Is 326 a factor of 10176416?
True
Is 351 a factor of 14238315?
True
Does 60 divide 346144800?
True
Is 13339724 a multiple of 25?
False
Is 10 a factor of 1221940486?
False
Does 328 divide 1181612609?
False
Does 1428 divide 317666774?
False
Is 1174 a factor of 3153365?
False
Does 239 divide 41624479?
True
Is 5 a factor of 19491155?
True
Does 1587 divide 21007119?
True
Does 12 divide 40949196?
True
Is 66 a factor of 176816968?
False
Is 171900416 a multiple of 64?
True
Is 57033836 a multiple of 4?
True
Is 71 a factor of 12287325?
False
Is 3614 a factor of 864942234?
True
Is 2275 a factor of 1224789475?
True
Does 1548 divide 362428606?
False
Is 949 a factor of 336261068?
True
Is 1108817750 a multiple of 25?
True
Does 1983 divide 99062748?
True
Does 179 divide 340681913?
False
Is 26 a factor of 212142476?
True
Is 23 a factor of 202755707?
False
Does 290 divide 44021710?
True
Does 254 divide 39578788?
True
Is 128794284 a multiple of 36?
True
Does 9 divide 19542546?
True
Is 272 a factor of 73506038?
False
Is 11 a factor of 585364373?
True
Is 4 a factor of 8410168?
True
Is 51411120 a multiple of 30?
True
Is 173 a factor of 1431578945?
False
Is 1329556472 a multiple of 43?
False
Is 885218400 a multiple of 1980?
True
Is 884 a factor of 10958348?
False
Does 87 divide 6359558526?
False
Is 6 a factor of 5833848?
True
Is 9 a factor of 176254983?
True
Is 27 a factor of 12849057?
True
Does 2143 divide 53721648?
False
Does 9 divide 1011489930?
True
Does 1766 divide 91166218?
True
Is 34 a factor of 2550923043?
False
Does 353 divide 32031997?
False
Is 92 a factor of 155953241?
False
Is 498331666 a multiple of 109?
False
Is 126 a factor of 24562818?
True
Is 40836810 a multiple of 210?
True
Is 167219807 a multiple of 90?
False
Is 2866 a factor of 53671582?
True
Is 4485542 a multiple of 35?
False
Is 1897467 a multiple of 39?
True
Is 356 a factor of 14909663?
False
Is 2548 a factor of 122087420?
True
Is 4092435375 a multiple of 8375?
True
Is 669 a factor of 13378662?
True
Does 787 divide 27951433?
False
Is 60 a factor of 53987760?
True
Does 26 divide 111126811?
False
Is 219956958 a multiple of 138?
True
Is 95671188 a multiple of 36?
True
Does 578 divide 1621540?
False
Is 80851407 a multiple of 21?
True
Is 89 a factor of 762166986?
True
Is 1288169860 a multiple of 30?
False
Is 1313438601 a multiple of 44?
False
Is 2546 a factor of 2257097742?
True
Does 139 divide 97110821?
True
Does 177 divide 10591901?
False
Is 17703 a factor of 5694718743?
True
Is 270 a factor of 8183970?
True
Is 678505799 a multiple of 29?
False
Is 27840020 a multiple of 36?
False
Is 191963 a multiple of 1979?
True
Is 642788412 a multiple of 60?
False
Is 5 a factor of 438413662?
False
Does 75 divide 1382554200?
True
Does 188 divide 1902277295?
False
Is 3285 a factor of 90245520?
True
Is 319787090 a multiple of 2233?
False
Is 364 a factor of 415052719?
False
Does 92 divide 14168276?
True
Does 5079 divide 3051346383?
True
Is 48375376 a multiple of 56?
True
Is 35659474 a multiple of 1082?
True
Is 4 a factor of 190383852?
True
Is 1257625050 a multiple of 2325?
True
Is 566 a factor of 757785098?
False
Does 722 divide 13567477?
False
Does 13 divide 85958028?
True
Is 1008 a factor of 202593195?
False
Is 69 a factor of 491159716?
False
Is 1599591174 a multiple of 33?
False
Is 97253415 a multiple of 3115?
True
Does 41 divide 4254131455?
False
Does 101 divide 17832257?
True
Does 3366 divide 217437805?
False
Is 293 a factor of 2312053895?
False
Is 827244154 a multiple of 87?
False
Does 8 divide 7011744?
True
Is 10 a factor of 108528022?
False
Is 855 a factor of 56426761?
False
Is 13 a factor of 436730476?
True
Is 31 a factor of 1005013769?
True
Is 1690 a factor of 28252563?
False
Is 465 a factor of 169904025?
True
Does 131 divide 839378177?
True
Is 1068 a factor of 89276256?
True
Does 196 divide 446193831?
False
Is 12214 a factor of 979489516?
True
Is 20581075 a multiple of 6?
False
Is 167898864 a multiple of 6?
True
Is 15167548 a multiple of 4?
True
Does 2119 divide 279256653?
True
Does 60 divide 153485358?
False
Is 15586232 a multiple of 328?
True
Is 23 a factor of 7584480?
True
Is 14 a factor of 17785250?
True
Is 630 a factor of 107819460?
True
Does 33 divide 52986487?
False
Is 107 a factor of 391341009?
False
Does 121 divide 2863629?
False
Is 39 a factor of 165415068?
True
Is 4439 a factor of 45576829?
False
Does 10 divide 57023930?
True
Is 130281607 even?
False
Does 698 divide 61507677?
False
Is 136875984 a multiple of 21?
True
Does 23 divide 2821573162?
True
Does 31 divide 4016595998?
False
Is 4906332 a multiple of 684?
True
Is 73755882 a multiple of 558?
True
Is 58371068 a multiple of 165?
False
Is 135 a factor of 2127451365?
True
Is 640 a factor of 394574081?
False
Does 20 divide 159583220?
True
Does 288 divide 492632640?
True
Is 81947316 a multiple of 22?
True
Is 494964996 a multiple of 34?
True
Is 4501 a factor of 188018161?
False
Does 43 divide 470617069?
True
Does 13 divide 72208607?
False
Does 2681 divide 32502295?
False
Is 141971205 a multiple of 15?
True
Is 454341420 a multiple of 585?
True
Does 6 divide 29673360?
True
Does 1019 divide 1015131578?
False
Is 742250120 a multiple of 1322?
True
Is 76 a factor of 58994924?
True
Is 88444875 a multiple of 75?
True
Is 586 a factor of 59417481?
False
Does 14 divide 10578999478?
False
Is 781 a factor of 71142275?
False
Is 74 a factor of 30164546?
True
Does 11 divide 267011657?
True
Is 13 a factor of 20648990?
False
Does 43 divide 3820301?
False
Does 763 divide 23874038?
False
Does 1295 divide 2046687674?
False
Is 29967864 a multiple of 38?
True
Does 19 divide 184052478?
False
Is 87173840 a multiple of 32?
False
Is 1249 a factor of 17881933?
True
Is 41 a factor of 116521344?
True
Is 585 a factor of 637423?
False
Is 9 a factor of 65014831?
False
Is 7 a factor of 22516025?
True
Does 21 divide 18258576?
True
Is 10 a factor of 1221947530?
True
Does 40 divide 43547040?
True
Is 4692392519 a multiple of 26?
False
Is 63 a factor of 51535653?
False
Is 541842 a multiple of 14?
True
Is 80607680 a multiple of 7?
False
Is 157925546 a multiple of 17?
True
Is 181 a factor of 477683435?
True
Does 16 divide 16959408?
True
Is 137099600 a multiple of 86?
False
Is 867 a factor of 26732734?
False
Is 732 a factor of 3397808?
False
Does 189 divide 20724242?
False
Does 12 divide 418270104?
True
Is 436 a factor of 67068572?
True
Is 5556166 a multiple of 11?
True
Does 18 divide 78316543?
False
Is 7 a factor of 4256455?
True
Is 52 a factor of 625019252?
True
Is 129 a factor of 23005455?
False
Does 2027 divide 1012948656?
True
Is 1024161890 a multiple of 3?
False
Does 3802 divide 60917565?
False
Is 28832874 a multiple of 1908?
False
Is 206241439 a multiple of 25?
False
Is 777778560 a multiple of 468?
True
Is 299187186 a multiple of 19?
True
Does 116 divide 10562264?
True
Does 65 divide 20566975?
True
Is 6 a factor of 849897830?
False
Is 2942070500 a multiple of 100?
True
Is 21 a factor of 1534250717?
False
Does 80 divide 94942070?
False
Is 2107363426 a multiple of 10297?
True
Is 42289602 a multiple of 218?
True
Does 1002 divide 33